*2 - o**2. Calculate u(4).
-10
Let c(o) = -o**3 - 7*o**2 - 6*o - 2. Let n be (-25)/4 + ((-6)/(-8))/3. What is c(n)?
-2
Let d(u) be the first derivative of -u**5/60 - u**4/8 - u**3 + 3. Let n(p) be the third derivative of d(p). What is n(-3)?
3
Let n(o) = 2*o. Suppose 0 = -0*i - 4*i - 4. Calculate n(i).
-2
Let x(r) = r**2 + r - 6. Let d(v) = 1. Let l(z) = -4*d(z) - x(z). Let k(t) = t + 1. Let n be k(-4). Give l(n).
-4
Let m(f) = -1. Let u(w) = -6*w + 2. Let x(y) = -3*m(y) - u(y). Give x(-1).
-5
Let p(h) be the second derivative of h**5/20 + h**4/12 - 3*h**2 + h. Let z = 4 + -4. Calculate p(z).
-6
Let f(z) = -z**2 - 4*z + 2. Suppose 8 = 2*h + 18. Give f(h).
-3
Let k(g) = 8*g**2 - g. Let c(u) = 3*u + 13. Let l be c(-4). What is k(l)?
7
Let i = 9 - 13. Let g(t) = -t - 4. Calculate g(i).
0
Let u(j) = j. Let t be u(-1). Let p(b) be the second derivative of b**4/3 + b**3/3 + b**2/2 + 4*b. Calculate p(t).
3
Let s = -30 - -23. Let w(t) = -t - 9. Determine w(s).
-2
Let m = 13/8 + -1/8. Let a(i) be the first derivative of -1/4*i**4 + i + m*i**2 + 0*i**3 + 1. Calculate a(-2).
3
Suppose 20 = 5*k - 5. Let l(j) = -j - k - 5*j + 0*j + 5*j. Determine l(-4).
-1
Let p(i) be the second derivative of -i**3/6 - 2*i**2 + 7*i. Give p(-6).
2
Let c(o) = 4*o - 3*o + o**2 - 4 + 0*o. Give c(-3).
2
Let s be (-4 + 1)*16/24*-2. Let z(m) = -5*m + 5. What is z(s)?
-15
Suppose 5*d - 14 = -9. Let c(i) = -4*i + 0*i + 2*i. Give c(d).
-2
Suppose 0 = -0*r - 2*r - 30. Let y be r*((-16)/6 + 3). Let b(u) = -u**3 - 5*u**2 - 2*u - 5. Calculate b(y).
5
Let d(t) = 6*t**3 + 7*t**2 - 6 + 4*t**3 - 2*t**3 - 7*t**3. Give d(-7).
-6
Let y(u) be the second derivative of u**3/2 + u**2/2 - 25*u. Calculate y(2).
7
Let j be 21 - 0/(0 + 3). Suppose d + j = -2*d. Let m be 1/d - (-5)/35. Let o(q) = q**2 + 5. Calculate o(m).
5
Let v(z) = -4*z + 1. Let a(x) = -17*x + 3. Let n(t) = -2*a(t) + 9*v(t). Give n(7).
-11
Let k(d) = d. Let f be -4 + 2 - (-2 + -1). Let r(z) = z**2 - 8*z + 8. Let o(m) = f*k(m) + r(m). Determine o(6).
2
Suppose 4 = b + 2. Let x(w) = -8*w**2 - 5*w - b*w**2 + 9*w**2 + 4. Give x(-5).
4
Let o(x) = 0*x + 19*x**3 - 23*x**3 + 7*x + 5*x**2 + 1. Let p(q) = q**3 - q**2 - q. Let j(w) = o(w) + 5*p(w). Determine j(-2).
-11
Suppose 6*t = t. Let f(w) = -w**3 + w**2 + w. Let z(l) = -5*l**3 + 5*l**2 + 5*l + 8. Let o(s) = 6*f(s) - z(s). Determine o(t).
-8
Let y = 1 - 4. Let o(q) be the first derivative of -4*q - 1/3*q**3 - 5/2*q**2 - 4. Give o(y).
2
Let d(k) = 2*k**3 - 3*k**2 - 3*k - 1. Let g = -22 + 25. What is d(g)?
17
Let w(h) = h**2 + 10*h + 12. Let z be w(-8). Let a(n) = -14*n**2 - 12*n - 18. Let l(q) = -5*q**2 - 4*q - 6. Let f(i) = 4*a(i) - 11*l(i). Calculate f(z).
-6
Let j(q) = -1 + 2*q**3 + 3*q**2 - 1 - 3*q**3. Let m be j(2). Suppose -c = -3*y + 9, 3*c + 6 = m*y - 0*c. Let x(h) = h**3 - 2*h**2 - 3*h + 4. What is x(y)?
4
Let t(n) = -n - 6. Let z be t(-7). Let c(x) = -x**3 - 5*x**2 - x - 4. Let f be c(-5). Let v(m) = m**2 + 2*m**2 + f - 2*m - m**2. Calculate v(z).
1
Let y(c) = 4*c + 3*c - 8*c + 4 - 11. Calculate y(-6).
-1
Suppose -2*d - 3*d = -30. Let u be d/8*(2 - -2). Let p(n) = -n**2 + 2*n - 3. What is p(u)?
-6
Let u be (-4)/(-8)*-2*1. Let y(p) = -7*p - 1. What is y(u)?
6
Suppose 4*a - 2*g = g - 15, 15 = 3*g. Let n(t) = -t**2 + t + 3. What is n(a)?
3
Let r(v) = 3 - 25*v + 20*v - 3 + 2. What is r(-2)?
12
Let q be 45/(-60)*4*-1. Let c(b) = -b**3 + 3*b**2 - 3*b + 4. Determine c(q).
-5
Suppose 0 = 3*w + 4 - 31. Let k be (-1 + w)/(0 + 2). Suppose -k*t - 8 = 8. Let p(j) = -j - 4. Calculate p(t).
0
Let w(r) be the second derivative of -r**6/180 + r**5/40 + r**4/8 - r**3/3 - 5*r. Let n(j) be the second derivative of w(j). Determine n(3).
-6
Let s(a) = a**3 - 5*a**2 - a - 2. Suppose 3*p - 1 = 14. Give s(p).
-7
Let g(p) = -p**2 + 3*p + 1. Suppose 4*b - 3*q - 26 = -0*q, 30 = 4*b - 5*q. Determine g(b).
-9
Let s(h) be the second derivative of h + 0*h**3 - 7/2*h**2 + 1/20*h**5 + 0 + 5/12*h**4. Determine s(-5).
-7
Let s(c) = c**3 - 2*c**2 + 6*c + 1. Let t(m) = 3 + 12*m - 3*m**2 - 4*m**3 + 7*m**3 + 0*m**3. Let r(a) = -5*s(a) + 2*t(a). Give r(-5).
6
Let j(f) = -5*f - 7. Let h(x) = -2*x + 2. Let r(l) = -2*h(l) + j(l). Determine r(-8).
-3
Suppose -2*v = 2*v + 12, 3*b - 21 = -v. Let z(w) = b - 1 + 0*w**3 - 3*w**2 - 2 + 4*w - w**3. Determine z(-4).
5
Let x(i) be the third derivative of -1/30*i**5 - 1/8*i**4 + 0*i + 1/720*i**6 + 0 + 0*i**3 - i**2. Let v(g) be the second derivative of x(g). What is v(-6)?
-10
Let b(v) = -45 + v + 20 + 22. What is b(3)?
0
Let n(v) = 10 - 5*v - 7 + 3*v + v**3 + 2*v**2 + 3*v**2. Give n(-5).
13
Let p(v) be the third derivative of v**4/12 + v**3 + v**2. What is p(6)?
18
Let s(d) = -d**2 - 3*d + 5. Let m(q) = q**2 - q - 1. Suppose 4*x + 5*y = -29, -4*x - 4*y + 11 = -7*y. Let z be m(x). Let l = -3 - z. Determine s(l).
1
Let c be -2*(0 + 9/6). Let x be (1/(-2))/(c/18). Let w(i) = -i. Calculate w(x).
-3
Let l(w) = -4*w**2 + 2*w + 2*w - 7 + 3*w**2. Suppose -o = -4*o. Suppose -6*z + 40 = -2*z + 4*a, -2*a + 10 = o. What is l(z)?
-12
Let c(a) = 2*a**2 + 5*a - 4. Let m be c(-4). Let i(g) = -g**2 + 9*g - 3. Determine i(m).
5
Let s(h) = 2*h**3 + 2*h**2 - 2*h + 1. Let o(v) = v**3 + 11*v**2 - 11*v + 15. Let a(t) = -t**2 + t + 1. Let y(f) = -a(f) + o(f). Let b be y(-13). Give s(b).
3
Let c(g) = -g**2 + 6*g + 2. Let r = 15 + -9. Let s be c(r). Let o(x) = 0 + 2*x - 3 + 0 - 5*x**2 + x**3. What is o(s)?
-11
Let l(b) be the third derivative of -4*b**2 + 0*b**3 + 0 - 1/240*b**6 - 1/12*b**4 + 0*b + 1/30*b**5. Let r(v) be the second derivative of l(v). Calculate r(4).
-8
Let f be 6/3 - (-2)/2. Suppose 0 = -2*i - 2, 7*i = -3*v + 2*i + 1. Suppose a - 1 = -v*b - 5, f*b = -15. Let k(q) = -q**3 + 5*q**2 + 5*q + 6. What is k(a)?
0
Suppose w - u = -3*w + 14, 3*u = 6. Let s(l) be the first derivative of -l**4/4 + 5*l**3/3 - 3*l**2 + 6*l - 5. Determine s(w).
-2
Let u(n) = -7*n**2 - 3*n + 5. Let f(b) = -3*b**2 - 2*b + 2. Let z(x) = 5*f(x) - 2*u(x). What is z(-4)?
0
Let k(l) be the third derivative of -l**4/24 - l**3 + 11*l**2. Determine k(-7).
1
Let f(y) be the second derivative of -1/12*y**4 - 1/2*y**2 + 0 - y**3 - 2*y. What is f(-5)?
4
Let u(v) = -v - 32*v**2 - 11*v + 7*v + 4 - 12*v. Let p(j) = 8*j**2 + 4*j - 1. Let l(q) = 9*p(q) + 2*u(q). Calculate l(1).
9
Let x(s) = -s**3 + s - 2. Let p(c) = 2*c + 8. Let b be p(11). Suppose -4*j = 5*k + b, 7*k = 2*k - j - 15. Calculate x(k).
4
Let a(r) be the first derivative of -1/3*r**3 - 8 - r - r**2. Calculate a(-2).
-1
Let w = -14 - -19. Let y(f) = f**3 - 6*f**2 + 3*f + 6. Give y(w).
-4
Suppose -5 = -2*j + j. Let p(u) = 3*u + 2*u - 2*u + 4*u + j + u**2. Determine p(-5).
-5
Let y(a) be the second derivative of -5/6*a**3 + 0*a**2 + 0 - 1/6*a**4 + 5*a. Calculate y(-4).
-12
Let u(z) be the first derivative of -z**2/2 - 3*z + 11. Determine u(-4).
1
Let z(p) = -51*p**3 + 50*p**3 - 2*p + 2 + 3*p**2 + 0 + 1. Let w be -1*(-4)/((-4)/(-3)). What is z(w)?
-3
Let q(s) = s**3 - 2*s**2 - 3*s - 1. Suppose 2*f - 3*u - 15 = -0*u, -4*f + u = -15. Calculate q(f).
-1
Let a(x) = -2*x**2 + 6*x + 7. Let t(u) = u**2 - 5*u - 7. Let j(n) = -2*a(n) - 3*t(n). Determine j(-5).
17
Let l(u) = u**3 - u**2 - 1. Let w(j) = -5*j**3 + 12*j**2 + 3*j + 2. Let f(t) = -6*l(t) - w(t). Calculate f(-5).
-6
Let a(b) = 5*b**2 + 7*b - 13. Let t(n) = n**2 + 2*n - 3. Let s(c) = -2*a(c) + 9*t(c). What is s(5)?
-6
Let p(s) = -s**2 - 5*s - 5. Let l be p(-4). Let y(v) = 4*v**2 - v - 1. Give y(l).
4
Let l(g) = -5*g**2 + g + 3*g**2 - 2 - 3*g**2 + 4*g**2. Give l(3).
-8
Let b(q) = -q - 12. Let y be b(-16). Let f(j) = j**3 - 3*j**2 - 5*j + 3. Calculate f(y).
-1
Let f(x) = -x - 6. Suppose -j + 7 = -3*z + j, 2*j = -z - 5. Let b be 8/12 - 4/z. Suppose t + 10 = -3*c, -4*t - t = b*c - 15. What is f(c)?
-1
Let j(n) = -13 - 7 - 3*n + 17. Calculate j(-4).
9
Let i(d) = 7*d - 2. Let r(s) = -6*s + 2. Let n(a) = 4*i(a) + 5*r(a). Calculate n(3).
-4
Suppose 3*v = -3*f - 11 - 1, -12 = 5*v - 3*f. Let s be v + 3 + 0/1. Let l(n) = n**3 + n**2 - n + 1. Determine l(s).
1
Let t(p) = p**2 - 9*p - 9. Let q be t(10). Let l(w) = -3*w**3 - 2*w**2 + w. Give l(q).
-4
Let o(f) = -23*f - 6 + 3 + 21*f - 6*f**3 + 7*f**3 - 3*f**2. Determine o(-2).
-19
Suppose k - 17 = 4*r - 44, 4*k = -r + 11. Let t be (7 - 1)*(-4)/(-8). Let n = t - r. Let l(u) = -2*u - 2. What 